{"id":297,"date":"2011-06-21T06:48:46","date_gmt":"2011-06-21T06:48:46","guid":{"rendered":"http:\/\/tg-rudersdorf.de\/?page_id=297"},"modified":"2016-01-22T12:21:46","modified_gmt":"2016-01-22T12:21:46","slug":"volleyball","status":"publish","type":"page","link":"https:\/\/tg-rudersdorf.de\/?page_id=297","title":{"rendered":"Volleyball"},"content":{"rendered":"<p><a href=\"https:\/\/tg-rudersdorf.de\/wp-content\/uploads\/2010\/10\/Volleyballteam.jpg\"><img loading=\"lazy\" decoding=\"async\" class=\"aligncenter wp-image-697 size-full\" src=\"https:\/\/tg-rudersdorf.de\/wp-content\/uploads\/2010\/10\/Volleyballteam.jpg\" alt=\"Volleyballteam\" width=\"600\" height=\"600\" srcset=\"https:\/\/tg-rudersdorf.de\/wp-content\/uploads\/2010\/10\/Volleyballteam.jpg 600w, https:\/\/tg-rudersdorf.de\/wp-content\/uploads\/2010\/10\/Volleyballteam-150x150.jpg 150w, https:\/\/tg-rudersdorf.de\/wp-content\/uploads\/2010\/10\/Volleyballteam-300x300.jpg 300w\" sizes=\"auto, (max-width: 600px) 100vw, 600px\" \/><\/a><\/p>\n<p><strong>Wir begr\u00fc\u00dfen dich mit einem Haudiiiii HoOooo<\/strong><\/p>\n<p>&nbsp;<\/p>\n<p>\u00dcbungsleiterin:<br \/>\n<a title=\"\u00dcbungsleiter\" href=\"https:\/\/tg-rudersdorf.de\/?page_id=98\">Franziska Zapf<\/a><\/p>\n<p><a href=\"https:\/\/tg-rudersdorf.de\/wp-content\/uploads\/2010\/11\/Franziska-Zapf-2.jpg\"><img loading=\"lazy\" decoding=\"async\" class=\"size-thumbnail wp-image-745 alignleft\" src=\"https:\/\/tg-rudersdorf.de\/wp-content\/uploads\/2010\/11\/Franziska-Zapf-2-150x150.jpg\" alt=\"Franziska Zapf 2\" width=\"150\" height=\"150\" \/><\/a><\/p>\n<p><a title=\"Das Wann und Wo findet ihr hier!\" href=\"..\/?page_id=38\">Zeit und Ort<\/a><\/p>\n","protected":false},"excerpt":{"rendered":"<p>Wir begr\u00fc\u00dfen dich mit einem Haudiiiii HoOooo &nbsp; \u00dcbungsleiterin: Franziska Zapf Zeit und Ort<\/p>\n","protected":false},"author":1,"featured_media":0,"parent":17,"menu_order":0,"comment_status":"closed","ping_status":"closed","template":"","meta":{"ngg_post_thumbnail":0,"footnotes":""},"class_list":["post-297","page","type-page","status-publish","hentry"],"_links":{"self":[{"href":"https:\/\/tg-rudersdorf.de\/index.php?rest_route=\/wp\/v2\/pages\/297","targetHints":{"allow":["GET"]}}],"collection":[{"href":"https:\/\/tg-rudersdorf.de\/index.php?rest_route=\/wp\/v2\/pages"}],"about":[{"href":"https:\/\/tg-rudersdorf.de\/index.php?rest_route=\/wp\/v2\/types\/page"}],"author":[{"embeddable":true,"href":"https:\/\/tg-rudersdorf.de\/index.php?rest_route=\/wp\/v2\/users\/1"}],"replies":[{"embeddable":true,"href":"https:\/\/tg-rudersdorf.de\/index.php?rest_route=%2Fwp%2Fv2%2Fcomments&post=297"}],"version-history":[{"count":11,"href":"https:\/\/tg-rudersdorf.de\/index.php?rest_route=\/wp\/v2\/pages\/297\/revisions"}],"predecessor-version":[{"id":826,"href":"https:\/\/tg-rudersdorf.de\/index.php?rest_route=\/wp\/v2\/pages\/297\/revisions\/826"}],"up":[{"embeddable":true,"href":"https:\/\/tg-rudersdorf.de\/index.php?rest_route=\/wp\/v2\/pages\/17"}],"wp:attachment":[{"href":"https:\/\/tg-rudersdorf.de\/index.php?rest_route=%2Fwp%2Fv2%2Fmedia&parent=297"}],"curies":[{"name":"wp","href":"https:\/\/api.w.org\/{rel}","templated":true}]}}